tiple of 1494?
True
Is 5403753 a multiple of 9?
True
Is 46 a factor of 1442560?
True
Is 809 a factor of 330932776?
True
Does 35 divide 295968648?
False
Is 1103 a factor of 25574380?
False
Is 4 a factor of 29896868?
True
Is 351037269 a multiple of 10?
False
Is 37200387 a multiple of 7?
True
Is 180 a factor of 572481180?
True
Does 7 divide 980279329?
False
Is 21 a factor of 19930086?
False
Does 28 divide 108304815?
False
Is 42 a factor of 1487640?
True
Is 26 a factor of 25438628?
False
Does 3895 divide 723979130?
False
Does 213 divide 35115242?
False
Is 15043096 a multiple of 4?
True
Does 174 divide 8574968?
False
Is 11340339 a multiple of 886?
False
Is 144 a factor of 58824288?
True
Is 73228720 a multiple of 211?
False
Does 401 divide 197824143?
False
Does 222 divide 140837545?
False
Does 9 divide 168193066?
False
Is 1262124324 a multiple of 18?
True
Is 237431480 a multiple of 206?
True
Is 81449834 a multiple of 311?
False
Does 7 divide 19182996?
True
Is 1201255713 a multiple of 565?
False
Is 20973351 a multiple of 21?
True
Is 23973235 a multiple of 3?
False
Is 95655046 a multiple of 386?
True
Is 9 a factor of 1118447318?
False
Does 10 divide 7355390?
True
Is 260 a factor of 21826480?
True
Is 84126075 a multiple of 275?
True
Is 21874948 a multiple of 290?
False
Is 339064276 a multiple of 194?
True
Is 283 a factor of 127737144?
True
Is 453548483 a multiple of 8?
False
Is 151 a factor of 1951965222?
True
Is 2138 a factor of 105343655?
False
Is 4703 a factor of 998738486?
True
Does 41 divide 120014462?
True
Is 7297270 a multiple of 6?
False
Is 348839319 a multiple of 67?
True
Does 33 divide 1825359343?
False
Does 13 divide 229503157?
True
Is 82256569 a multiple of 189?
False
Is 1866648460 a multiple of 7340?
False
Is 749070762 a multiple of 561?
True
Does 52 divide 31734982?
False
Is 100 a factor of 15500093?
False
Does 12 divide 44734576?
False
Does 383 divide 179256695?
False
Does 671 divide 959283743?
True
Does 363 divide 9152682?
True
Does 11 divide 647990085?
False
Is 23972678 a multiple of 12?
False
Is 58 a factor of 73402992?
False
Is 52491197 a multiple of 407?
True
Does 1579 divide 233831719?
False
Does 234 divide 103300670?
False
Is 241 a factor of 37337166?
True
Is 11092826 a multiple of 105?
False
Does 4 divide 466820972?
True
Does 16 divide 167233832?
False
Is 361 a factor of 4099057891?
True
Does 2669 divide 63471489?
True
Is 47989971 a multiple of 9?
True
Is 1441573458 a multiple of 4069?
True
Does 281 divide 721395204?
False
Is 438360894 a multiple of 4541?
True
Is 160976060 a multiple of 238?
True
Is 8 a factor of 310558280?
True
Does 35 divide 280005950?
True
Is 13843102 a multiple of 182?
True
Is 775853373 a multiple of 2586?
False
Does 818 divide 11833188?
True
Does 79 divide 24592230?
False
Does 95 divide 14304245?
True
Is 1408 a factor of 1340775040?
True
Is 410407137 a multiple of 708?
False
Does 75 divide 65070450?
True
Is 10173392 a multiple of 14?
False
Is 995 a factor of 662904988?
False
Does 3 divide 1053588019?
False
Is 627432020 a multiple of 5?
True
Does 870 divide 18049648?
False
Does 956 divide 1857386518?
False
Does 9 divide 5792183?
False
Is 82039323 a multiple of 177?
True
Is 2448945 a multiple of 15?
True
Is 238272098 a multiple of 54?
False
Is 9 a factor of 223395552?
True
Is 343 a factor of 274630775?
False
Is 5060983 a multiple of 2?
False
Is 159558705 a multiple of 39?
False
Is 1116614133 a multiple of 339?
True
Is 4 a factor of 15398639?
False
Does 727 divide 1448491901?
False
Is 6953346000 a multiple of 360?
True
Is 7 a factor of 27674153?
False
Is 770 a factor of 4389570570?
True
Does 866 divide 86522196?
False
Is 6 a factor of 73395600?
True
Does 1112 divide 181317073?
False
Is 4728949 a multiple of 5?
False
Is 153286100 a multiple of 220?
True
Does 38 divide 352541559?
False
Does 232 divide 18880160?
True
Is 49654054 a multiple of 234?
False
Is 46773498 a multiple of 11?
False
Is 74 a factor of 2183310208?
True
Is 56672768 a multiple of 8?
True
Does 653 divide 160180174?
False
Is 151967739 a multiple of 40?
False
Is 817 a factor of 1801435980?
True
Does 6 divide 183707794?
False
Is 51050556 a multiple of 9?
True
Is 16300698 a multiple of 67?
True
Does 122 divide 28131358?
False
Does 309 divide 568247601?
True
Is 141702624 a multiple of 2782?
False
Is 103599452 a multiple of 94?
False
Is 1234 a factor of 670248760?
False
Is 446 a factor of 23354731?
False
Is 6010440 a multiple of 8?
True
Is 434150710 a multiple of 14?
True
Does 2664 divide 137341667?
False
Is 25 a factor of 645307358?
False
Does 26 divide 55957833?
False
Is 26 a factor of 8767746?
True
Does 35 divide 144482476?
False
Is 26 a factor of 104117160?
False
Is 79127400 a multiple of 825?
True
Is 26 a factor of 720558583?
False
Is 27 a factor of 143835021?
True
Is 34894796 a multiple of 5?
False
Does 23 divide 253795938?
True
Is 50 a factor of 1692993550?
True
Is 23838396 a multiple of 69?
True
Is 875 a factor of 24191125?
True
Does 41 divide 22625563?
True
Is 2211259853 a multiple of 14?
False
Does 212 divide 3407900?
True
Is 38 a factor of 11264592?
False
Is 44 a factor of 977104744?
True
Does 5684 divide 122478832?
True
Is 390616059 a multiple of 2481?
False
Is 77033864 a multiple of 12?
False
Is 29 a factor of 74846197?
False
Does 49 divide 4876602?
False
Does 126 divide 5223742524?
True
Is 35244341 even?
False
Is 102517530 a multiple of 15?
True
Is 9195 a factor of 909698130?
True
Is 1681599039 a multiple of 465?
False
Does 1273 divide 362227170?
False
Does 3494 divide 1029510594?
True
Does 6 divide 29481799?
False
Is 158235382 a multiple of 3118?
True
Is 2396935 a multiple of 33?
False
Is 12 a factor of 668619720?
True
Is 12 a factor of 199895522?
False
Does 391 divide 183174116?
True
Does 9 divide 1829176704?
True
Is 152161152 a multiple of 96?
True
Is 4 a factor of 13861984?
True
Does 14 divide 2126935?
False
Does 80 divide 7109920?
True
Does 2009 divide 227033072?
True
Is 9963912 a multiple of 1016?
True
Is 13 a factor of 2770118848?
False
Does 394 divide 41245890?
True
Is 34 a factor of 37578942?
True
Is 145560744 a multiple of 29?
True
Does 26 divide 329344163?
False
Does 136 divide 16448656?
True
Does 467 divide 854922890?
True
Is 137928 a multiple of 21?
True
Is 70704409 a multiple of 4990?
False
Is 30673440 a multiple of 6265?
True
Does 4 divide 157894071?
False
Is 553673969 even?
False
Is 141521184 a multiple of 16?
True
Is 32 a factor of 1868832579?
False
Is 1489218154 a multiple of 41?
True
Is 276170167 a multiple of 91?
True
Is 51134487 a multiple of 17?
True
Does 130 divide 60479439?
False
Is 717 a factor of 2301907259?
False
Does 77 divide 56319802?
True
Is 83 a factor of 56714755?
False
Is 7 a factor of 14587891?
False
Is 28930160 a multiple of 40?
True
Does 101 divide 3810914?
False
Is 60747595 a multiple of 21?
False
Is 943486 a multiple of 1071?
False
Is 112 a factor of 18416823?
False
Is 3940040880 a multiple of 1080?
True
Does 29 divide 58683472?
True
Does 3111 divide 309796491?
True
Does 56 divide 389275406?
False
Is 50 a factor of 965589700?
True
Is 301 a factor of 76626651?
False
Does 4115 divide 936720978?
False
Is 61 a factor of 797637725?
False
Does 100 divide 77197882?
False
Is 188963740 a multiple of 665?
True
Does 7 divide 3915713065?
False
Is 28004936 a multiple of 1444?
True
Is 120318146 a multiple of 130?
False
Does 2 divide 46592603?
False
Is 11 a factor of 185784313?
True
Does 2 divide 68600667?
False
Is 19 a factor of 23199567?
False
Is 14 a factor of 1019156264?
True
Is 1962 a factor of 2010243618?
True
Is 605 a factor of 75072027?
False
Is 442416810 a multiple of 6490?
True
Does 146 divide 39996873?
False
Is 7 a factor of 157986100?
False
Is 948 a factor of 9829812?
True
Is 11 a factor of 126776210?
True
Is 818 a factor of 947974474?
True
Does 161 divide 247520846?
False
Does 33 divide 1012100292?
False
Does 10 divide 36548470?
True
Does 208 divide 478418096?
True
Does 174 divide 405312?
False
Does 4 divide 8464718?
False
Is 40573178 a multiple of 73?
False
Is 20799884 a multiple of 31?
True
Is 26 a factor of 18641792?
True
Is 534 a factor of 63537990?
True
Does 1564 divide 908508832?
True
Does 882 divide 16419122?
False
Is 1187376406 a multiple of 5?
False
Does 959 divide 160310866?
False
Is 172